s) = 8*s**2 + 7*s - 1. What is y(-3)?
50
Let h(f) = f**3 - 9*f**2 - 5*f + 8. Give h(9).
-37
Let h(q) = 14*q**3 + 4*q**2 - q - 1. Calculate h(-1).
-10
Let g(x) = -x**3 - 13*x**2 - 36*x + 1. What is g(-9)?
1
Let k(u) = u**3 + 7*u**2 + 11*u + 10. What is k(-4)?
14
Let y(u) = -3*u**2 + 5*u - 8. What is y(2)?
-10
Let k(a) = -8*a + 1. Determine k(9).
-71
Let z(n) = 50*n - 245. Give z(5).
5
Let h(b) = -50*b - 131. Determine h(-3).
19
Let x(a) = -2*a**3 - 4*a**2 - 7*a - 15. What is x(-2)?
-1
Let c(p) = -p**3 + 15*p**2 + 12*p - 168. Calculate c(15).
12
Let q(s) = s**3 - 9*s**2 + 9*s - 36. Give q(9).
45
Let q(y) = y**3 + 11*y**2 + 8*y - 13. Determine q(-10).
7
Let d(w) = 7*w - 1. Give d(4).
27
Let q(x) = -x**3 - 17*x**2 + 18*x - 6. What is q(-18)?
-6
Let q(u) = u + 9. What is q(8)?
17
Let n(b) = 2*b + 15. Determine n(-12).
-9
Let i(o) = -o**3 + 12*o**2 - 8. Determine i(12).
-8
Let n(r) = -7*r - 87. Calculate n(-4).
-59
Let x(j) = -j**2 + 9*j - 3. Give x(9).
-3
Let m(o) = 2*o**3 + 6*o**2 - 10*o - 8. What is m(-4)?
0
Let f(w) = -w**3 + 3*w**2 + 4*w - 1. Give f(4).
-1
Let l(b) = b**3 + 9*b**2 + 5*b + 41. Give l(-9).
-4
Let a(p) = -p**3 + 9*p**2 - 9*p - 9. Determine a(8).
-17
Let g(m) = -m**2 + 11*m + 12. Determine g(6).
42
Let t(n) = n**3 - 10*n**2 - 12*n + 11. Determine t(11).
0
Let m(s) = s**2 + 15*s - 141. What is m(6)?
-15
Let o(b) = 18*b - 3. Give o(-4).
-75
Let b(y) = -y**3 + 12*y**2 - 4*y + 8. Determine b(11).
85
Let r(n) = -7*n**3 - 17*n - 18. Give r(-1).
6
Let c(v) = 10*v - 2. Calculate c(-1).
-12
Let a(b) = -b**3 + 10*b**2 - 7*b - 21. Give a(9).
-3
Let f(s) = 9*s**2 + 43*s + 44. Determine f(-1).
10
Let w(t) = 2*t**2 - 20*t + 10. What is w(6)?
-38
Let c(z) = -z**3 - 4*z**2 + 7*z + 13. Determine c(-2).
-9
Let f(z) = 5*z**2 + 1. What is f(2)?
21
Let o(i) = 2*i. What is o(-5)?
-10
Let c(b) = b**2 - 13*b + 35. What is c(8)?
-5
Let l(y) = 2*y**2 - 7*y. Calculate l(2).
-6
Let l(p) = -12*p**2 - p - 2. Calculate l(-2).
-48
Let n(q) = -q**2 - 10*q + 3. Calculate n(-11).
-8
Let t(m) = -4*m**2 + 4*m - 25. Calculate t(0).
-25
Let j(p) = -2*p + 8. Determine j(9).
-10
Let j(q) = q**3 + 6*q**2 - 7*q - 8. Give j(-7).
-8
Let i(t) = t**3 + 12*t**2 - 11*t + 17. Calculate i(-13).
-9
Let i(r) = -2*r**2 + 37*r - 131. What is i(5)?
4
Let w(d) = 2*d**3 - 3*d**2 + 4*d - 2. Determine w(2).
10
Let f(k) = 10*k**2 + 26*k + 2. Calculate f(-3).
14
Let s(b) = 4*b + 5. Determine s(-9).
-31
Let c(g) = 3*g**2 + 2*g + 2. Calculate c(-2).
10
Let k(s) = -s**2 - 2*s - 8. Give k(0).
-8
Let g(j) = -3*j - 1. Calculate g(-5).
14
Let q(c) = 9*c**2 + 8*c - 17. Give q(2).
35
Let z(y) = -y**2 + 9*y + 6. Give z(0).
6
Let u(a) = a**3 + 3*a - 13. What is u(0)?
-13
Let j(s) = -6*s - 7. Give j(-4).
17
Let y(v) = -v**3 - 17*v**2 - 75*v - 22. Calculate y(-8).
2
Let d(s) = s**3 + 9*s**2 + 8*s + 4. Calculate d(-8).
4
Let f(s) = -s**3 - 6*s**2 - 4*s - 29. What is f(-6)?
-5
Let w(s) = s**2 + 3*s - 6. Give w(-10).
64
Let w(o) = -7*o**2 - 3*o + 22. Determine w(5).
-168
Let s(f) = 2*f + 81. Determine s(-38).
5
Let r(y) = -2*y - 19. What is r(-6)?
-7
Let u(m) = 6*m**3 + 3*m**2 - 2*m - 1. What is u(2)?
55
Let p(u) = 5*u - 151. Give p(34).
19
Let n(q) = 19*q - 97. Give n(3).
-40
Let f(d) = -d**3 + 8*d**2 - 12*d - 11. Give f(6).
-11
Let m(c) = 12*c - 195. Calculate m(16).
-3
Let f(q) = 2*q**3 + 10*q**2 + 4*q - 8. Give f(-5).
-28
Let a(d) = d**2 + 13*d - 14. What is a(-9)?
-50
Let o(k) = -k**3 + 12*k**2 - 11*k - 1. Determine o(11).
-1
Let a(u) = -2*u - 13. Calculate a(0).
-13
Let c(w) = -2*w**2 - 17*w - 23. What is c(-6)?
7
Let i(d) = -d**3 + 14*d**2 + 14*d - 22. What is i(15)?
-37
Let w(x) = -x**3 + 8*x**2 + 20*x - 15. Give w(10).
-15
Let o(c) = 2*c**2 + 15*c - 10. Calculate o(-8).
-2
Let b(l) = l + 31. Determine b(-16).
15
Let h(p) = -2*p**3 - 11*p - 11. Give h(-1).
2
Let d(q) = -5*q**3 + q**2 + q + 4. Determine d(3).
-119
Let o(u) = 2*u - 13. Calculate o(0).
-13
Let w(q) = q**3 + q**2 + q + 13. Calculate w(0).
13
Let l(f) = f**2 + 11*f - 25. What is l(-13)?
1
Let z(y) = -2*y**2 - 16*y - 13. Give z(-6).
11
Let q(t) = -t**3 - 9*t**2 - 9*t + 2. Determine q(-7).
-33
Let k(b) = -14*b + 159. What is k(12)?
-9
Let f(g) = -g**3 + 11*g**2 + 28*g + 2. Give f(13).
28
Let k(x) = x**3 - 2*x**2 - 7*x + 3. Calculate k(3).
-9
Let r(v) = -v**3 + 9*v**2 - 10*v + 5. Give r(4).
45
Let u(r) = -r**2 - 21*r + 21. Calculate u(-22).
-1
Let w(j) = -j**2 + 17*j + 20. Calculate w(17).
20
Let l(f) = -f**3 + 2*f**2 + f + 5. Determine l(3).
-1
Let u(a) = -a**3 - a**2 + 5*a + 4. What is u(-5)?
79
Let q(d) = -4*d - 3. Calculate q(2).
-11
Let d(v) = -v**2 + 30*v + 158. Give d(34).
22
Let k(t) = t**3 - 7*t**2 + 7*t - 6. What is k(4)?
-26
Let i(n) = n**3 - 2*n**2 - 4*n - 2. Give i(-2).
-10
Let t(r) = r**2 - 3*r - 22. Give t(-3).
-4
Let x(v) = 2*v**3 - 2*v**2 - 3*v + 2. Give x(-3).
-61
Let z(n) = -21*n**3 - 3*n**2 + 3*n. Give z(1).
-21
Let c(v) = -v**3 + 4*v**2 + 3*v - 11. Give c(3).
7
Let k(j) = -3*j - 26. What is k(-5)?
-11
Let s(z) = -z**3 + 11*z - 8. What is s(4)?
-28
Let p(r) = -15*r + 146. Give p(9).
11
Let m(u) = 3*u**2 + 10*u + 9. Give m(-6).
57
Let p(j) = 2*j**2 + 6*j + 3. Calculate p(-2).
-1
Let k(w) = -5*w + 6. Determine k(1).
1
Let j(z) = 3*z**3 + 2*z**2 - 5*z + 2. Give j(-3).
-46
Let g(r) = -r + 12. Determine g(-11).
23
Let j(w) = w + 19. Calculate j(0).
19
Let p(h) = -h**3 + 4*h**2 - 2*h + 2. Determine p(3).
5
Let t(v) = -2*v + 5. What is t(2)?
1
Let a(m) = -4*m + 144. Calculate a(35).
4
Let l(c) = -14*c - 173. Determine l(-13).
9
Let l(b) = -b**3 + 10*b**2 - 9*b + 45. Give l(8).
101
Let a(x) = -2*x**3 + 3*x**2 + 2*x + 10. What is a(5)?
-155
Let u(c) = -14*c - 542. Give u(-39).
4
Let b(f) = -f**2 - 3*f + 24. Calculate b(-6).
6
Let m(r) = 2*r**2 - 31*r + 107. What is m(7)?
-12
Let u(k) = -k**2 + 12*k + 9. Determine u(14).
-19
Let j(m) = m**3 + 5*m**2 - 5*m - 11. Calculate j(-5).
14
Let k(c) = 11*c + 57. Determine k(-6).
-9
Let f(w) = -w**2 - 7*w + 193. Determine f(-18).
-5
Let x(t) = t**2 - 5*t - 5. Determine x(-10).
145
Let u(i) = 22*i**3 - 4*i**2 + i + 2. Calculate u(2).
164
Let q(i) = -i**2 - 6*i + 3. Determine q(-6).
3
Let u(m) = 4*m**2 + 4*m + 2. What is u(-2)?
10
Let r(u) = -u**2 - 20*u - 51. Give r(-12).
45
Let b(v) = -v**3 - 9*v**2 - 15*v + 1. Determine b(-7).
8
Let o(y) = -y**2 + 87*y + 360. What is o(-4)?
-4
Let y(r) = r**2 - 13*r + 26. Calculate y(6).
-16
Let q(p) = p**2 + 6*p + 2. Give q(-5).
-3
Let q(x) = x**3 + 6*x**2 + 1. Give q(-3).
28
Let h(v) = v**3 - v**2 - v + 5. Give h(-3).
-28
Let w(l) = 2*l**2 + 8*l + 8. Give w(-4).
8
Let d(w) = 4*w + 9. What is d(3)?
21
Let x(c) = 19*c + 51. Calculate x(-8).
-101
Let v(f) = -f**2 + 19*f - 21. What is v(13)?
57
Let h(m) = -60*m - 119. What is h(-2)?
1
Let l(t) = 2*t**2 + 2*t - 7. Give l(-5).
33
Let x(i) = 6*i - 5. Determine x(2).
7
Let i(v) = v**3 - 5*v**2 + 7*v - 14. Calculate i(4).
-2
Let y(q) = -70*q + 284. Calculate y(4).
4
Let l(u) = 2*u + 10. Give l(-5).
0
Let v(u) = u**2 + 2*u - 4. Calculate v(-3).
-1
Let h(b) = -29*b - 5. What is h(-2)?
53
Let z(m) = m**2 + 2*m - 43. Calculate z(-8).
5
Let y(x) = 6*x**2 - x + 1. Determine y(1).
6
Let z(p) = p**3 + 7*p**2 + 2*p + 22. Determine z(-7).
8
Let n(m) = 4*m**2 + 18*m + 21. Give n(-4).
13
Let y(g) = 24*g**2 - 8*g + 7. Give y(1).
23
Let k(t) = t**2 - 5*t - 3. Give k(5).
-3
Let f(n) = -59*n + 173. Calculate f(3).
-4
Let y(f) = -10*f**2 - f - 1. Give y(-1).
-10
Let q(n) = 2*n + 52. What is q(-19)?
14
Let s(f) = 2*f + 11. Calculate s(0).
11
Let f(a) = a**3 - 8*a**2 - 8*a + 2. Determine f(9).
11
Let p(h) = h**3 - 17*h**2 + 11*h - 1. Determine p(16).
-81
Let t(r) = -r**2 + 5*r + 4. Determine t(7).
-10
Let m(q) = -9*q + 250. Calculate m(27).
7
Let q(h) = -h**2 - 2*h + 13. What is q(-5)?
-2
Let r(k) = 2*k**2 + 7*k - 6. What is r(-7)?
43
Let s(k) = 8*k + 11. Determine s(-6).
-37
Let p(o) = o**3 + 8*o**2 + o - 11. Give p(-7).
31
Let h(l) = -l**3 + 13*l**2 - 7*l + 9. Give h(12).
69
Let p(v) = -v**3 - 9*v**2 - 6*v - 34. Give p(-9).
20
Let j(w) = -47*w**3. What is j(-1)?
47
Let u(c) = -78*c + 635. What is u(8)?
11
Let q(z) = z**2 + 3*z - 9. What is q(-6)?
9
Let v(m) = -m**3 + 7*m**2 + 4*m + 42. What is v(8)?
10
Let w(q) = 12*q + 4. What is w(-3)?
-32
Let f(q) = q**3 + 2*q**2 - 4*q + 4. Calculate f(-4).
-12
Let q(f) = -2*f - 19. Give q(